 = r, -q + 4 = -n. Let u be (-4)/(4 - 42/q). Calculate g(u).
6
Suppose -3*p + 4*z + 5 = -2, -p = 5*z + 4. Let h(m) = -16*m**2 + 2*m - 2. Calculate h(p).
-16
Let f(s) be the second derivative of -s**3/6 + 5*s**2/2 + 6*s. Let j(b) = 1. Let l(z) = f(z) + 5*j(z). Let r be (-1 - (-2)/2)/(-2). Give l(r).
10
Let t(a) be the second derivative of a**4/12 + 2*a**3/3 + a**2/2 - 92*a. Determine t(-6).
13
Suppose -55*i + 52*i + 33 = 0. Let y(t) = 10 + t + 9*t**2 + 7*t**2 - i + t. Calculate y(1).
17
Let c(g) be the third derivative of -g**6/120 + g**5/15 - g**4/12 - g**3/2 + 5*g**2. Suppose 2*f + 3*j - 37 = -20, 0 = f + 4*j - 16. What is c(f)?
-11
Let k(a) = 10*a + 1. Suppose -2 = -5*u + 3*u, 14 = z + 2*u. Suppose -h - z = -4*h. Suppose 0 = -m + h*m + o - 7, -21 = -m - 5*o. Calculate k(m).
11
Let h(c) = -27*c. Let g be (-8 + (-253)/(-33))*3. Give h(g).
27
Let y(w) = -w**2 + 10*w + 9. Let s be 3/(-7) + ((-460)/(-28) - 5). Let k be y(s). Let d(z) = -4*z**2 - 4*z - 2. What is d(k)?
-10
Suppose -4*c + 3*o = -9, -5*c + 9 = 2*o - 8. Let q(h) = -6*h + 8*h**2 + 0*h**c - 2*h**2 + 2 - h**3. Determine q(4).
10
Let t(c) = -6*c**2 + 1. Let b(r) = -11*r**2 - r + 2. Let g(w) = 2*b(w) - 5*t(w). Let q = 13 - 5. Suppose 5 = -q*v + 3*v. Give g(v).
9
Let o(k) = -k**3 - 7*k**2 - 7*k - 2. Let g be o(-6). Let i = -4 - -7. Suppose i*q = -g*y - 6 - 3, -4*y + 3*q + 9 = 0. Let z(j) = -j**2 + j - 4. Give z(y).
-4
Suppose -4*f = 5*j + 6, -4*f + f - 3*j = 3. Suppose 7 = b + f. Let r = b - 6. Let v(a) = a**2 - 1. Calculate v(r).
-1
Let h(v) = -2*v + 1. Suppose -3*s + 14 = 38. Let n = s - -16. Let b be 3/(-12) + 26/n. Calculate h(b).
-5
Suppose 0 = -14*f + 8*f - 12. Let t be (2 - f - -2)/1. Let n(x) = x**3 - 5*x**2 - 7*x + 2. Calculate n(t).
-4
Suppose -48 = 4*g - 2*m, g - 3*m = -2*g - 39. Let q(r) = r**3 + 11*r**2 + 3. Determine q(g).
3
Let k(s) = -6*s**2 - 38*s - 8. Let i be k(-6). Let h(z) be the third derivative of 0*z**3 + 0 + 0*z + i*z**2 + 1/24*z**4 + 1/60*z**6 + 0*z**5. Give h(-1).
-3
Let j(d) = -d**3 - 4*d**2 + 5*d - 4. Suppose 2*m - 2*x + 16 = 0, 12 - 3 = 3*x. Calculate j(m).
-4
Let l = -218 + 218. Suppose -9*i + 15 = -6*i + 5*x, -2*x + 6 = l. Let c(t) be the third derivative of t**6/120 + t**5/60 + t**4/24 + t**3 + t**2. What is c(i)?
6
Let s(v) = 2*v**2 - v. Let x = -6 + 10. Suppose 0*h + 4*h + x = 0. What is s(h)?
3
Let z be 7*(-20)/840*-24. Let x(l) be the first derivative of -l**4/4 + 4*l**3/3 - l**2 + 6*l - 1. Calculate x(z).
-2
Let h(a) be the first derivative of -a**4/4 + 10*a**3/3 + a**2 - 13*a + 341. What is h(10)?
7
Let h(i) = -i**3 - 6*i**2 - i - 1. Suppose 5*m = -5*q - 20, 0 = -4*m - 2*q - 6 - 10. Calculate h(m).
-29
Suppose 167*k - 24 = 161*k. Let r(u) = -11*u + 41. Calculate r(k).
-3
Let z(b) = -2*b**2 + 2 + 4 - 5 + 2*b + b**2. Let k be z(-1). Let x(f) = -5*f**2 - f - 1. Calculate x(k).
-19
Let b(l) = -21*l**2 - 2*l**3 + l + 23*l**2 + 0*l + l**3 - 2*l. Calculate b(3).
-12
Let k(z) = z**2 + 5*z + 5. Let d = -11 - -21. Suppose -6*c + 16 = -d*c. Give k(c).
1
Let y(w) = w**2 + w + 48. Let x be y(0). Let q be 1/3 + x/(-36). Let r(u) = -u**2 - u. Determine r(q).
0
Let k(j) be the third derivative of j**4/24 - 7*j**3/6 + 84*j**2. Calculate k(-5).
-12
Let t(j) = -j**3 + 3*j**2 + 2*j - 2. Let w = 25 - 9. Let n be (w + -12)/((-4)/2). Calculate t(n).
14
Let u be 76/18 + (-4)/18. Suppose u = -3*z + 7*z. Let r(n) = -n - 50. Let h(q) = 5*q - 201. Let v(t) = h(t) - 4*r(t). Calculate v(z).
8
Let f(j) = -45*j**2 + 230*j - 32. Let x be f(5). Suppose 10 = 2*o + 3*o. Let n(s) = 3 - 1 + 8*s + s**o + 3. Calculate n(x).
-2
Let y be 5 - ((-14)/(-42))/(1/9). Let w be (-7)/(-14)*(y + -2). Let s(b) be the first derivative of -b**2/2 + 2. What is s(w)?
0
Let d(w) be the third derivative of -w**6/360 - w**4/24 - 14*w**3/3 + 21*w**2. Let r(m) be the first derivative of d(m). Calculate r(3).
-10
Let s(d) = -d**2 + 5*d + 8. Let o = 15 - 9. Let j be s(o). Let r(a) = 14*a - 12*a - 2*a**2 - a**2 + j. Calculate r(2).
-6
Let f(a) = -a**3 - a**2 - a + 1. Let g(j) = 8*j**2 + 1 - 6*j**2 - 3 + 1. Let q be g(-1). Let w be 32/40 - q/(-5). Determine f(w).
-2
Let d(f) be the third derivative of -f**6/120 + 3*f**5/10 + 5*f**4/6 - 17*f**3/6 + 9*f**2. Let q be d(19). Let c(k) = 2*k - 1. What is c(q)?
3
Suppose 0 = f + 4*f + m - 258, 5*f - 254 = -3*m. Let q(d) = 57 + f - 110 - d. What is q(-5)?
4
Let l(r) be the second derivative of -r**3/3 - 3*r**2 - 3*r - 74. What is l(2)?
-10
Let m(f) = 2*f - 1. Suppose 4*w + 0*w + 84 = 0. Suppose 3*t - 22 = o, t - 45 = 2*o - 4*t. Let z = w - o. What is m(z)?
7
Let s = -7 - -9. Suppose 0 = -2*g + 6, s*u + u = -3*g + 27. Let p(z) = 0*z**3 - 3*z**3 - 8*z + 2*z**3 + 4 + u*z - 4*z**2. Give p(-3).
1
Let q(d) = 3 + 0 + 1 + 48*d - 47*d. Give q(-10).
-6
Suppose 5*g + 172 = -193. Let m = g + 77. Let l(b) = -b**3 + 3*b**2 + 5*b + 2. Determine l(m).
6
Let x = -7 + 13. Let f(p) = 24*p + 6 - 80*p - p**2 + 34*p + 26*p. Determine f(x).
-6
Let d(c) be the first derivative of -5*c**4/4 - c**3/3 - c**2 - c + 237. Let o(h) = h + 4. Let l be o(-4). Let s be l - (2 - 1 - 0). What is d(s)?
5
Let r(m) = m**2 - 9*m - 10. Suppose -52 = -3*w + 5*y, -w + 12 + 22 = -5*y. Calculate r(w).
-10
Let i(v) = v - 1. Let x(d) = d**3 - 3*d**2 - 2*d - 7. Let a be x(4). Determine i(a).
0
Let v = -22 + 32. Suppose 5*r + v = 7*r. Let l(z) = 2*z + r + 1 - 5 + 8*z. What is l(1)?
11
Let h(b) be the second derivative of -b**6/720 + b**5/20 - 13*b**4/12 + 3*b. Let g(z) be the third derivative of h(z). What is g(0)?
6
Suppose -4*d = 0, 8 = -y - 17*d + 16*d. Let n(o) = -o**3 - 8*o**2 + 7. Give n(y).
7
Let v(x) = 3*x**3 + 3*x**2 + 16*x - 19. Let h(p) = -2*p**3 - p**2 - 8*p + 10. Let t be (-8)/(-44) - (-53)/11. Let r(o) = t*h(o) + 3*v(o). What is r(5)?
8
Let v(j) = -j**3 + 4*j**2 - j + 2. Suppose 4*b = 3*b - 2*y + 13, y = 2*b - 1. Determine v(b).
8
Let p be (1 + -1)*14/28. Suppose 0 = -4*l + 5*r - 2*r - 14, -2*l + r - 6 = p. Let d(s) be the first derivative of -s**4/4 - 2*s**3/3 + 2. Calculate d(l).
0
Let a(o) = -4 + o**2 - 52*o + 43*o + 0*o**2. Let w(n) = -n + 12. Let j be w(2). Give a(j).
6
Let t(i) be the third derivative of i**7/1008 + 19*i**5/30 + 2*i**2 - 13*i. Let j(k) be the third derivative of t(k). Determine j(-2).
-10
Let h(z) = 17 - 2*z - 44 + 22. Let o be (-11)/2 - 1/2. What is h(o)?
7
Let c = -78 - 22. Let l = c + 94. Let u(g) = -2*g**2 - 3 - 6*g + g**2 - 5. Calculate u(l).
-8
Let c(j) = -3*j - 7. Let d(a) = -4*a - 7. Let m(r) = -5*c(r) + 4*d(r). Suppose 2*v = 3*w - w - 4, 2 = 3*v + w. Give m(v).
7
Let n(t) = 5*t - 2. Let y be ((-6)/(-4))/(4*1/8). Determine n(y).
13
Let m(c) = -c - 5. Let r(k) = -k + 2 - 4 + 1 - 3. Let l(v) = 4*m(v) - 6*r(v). Let d(x) = -4*x**3 - x**2 + x. Let w be d(1). Give l(w).
-4
Let p(s) = -46*s**3 - 5*s**2 - 3*s + 40*s**3 + 5*s**3. Determine p(-5).
15
Let o(u) = u**2 + 2*u - 6. Let t(c) = 3*c**2 + 5*c - 18. Let j(p) = -7*o(p) + 2*t(p). Suppose 2*g - 18 = 5*g. What is j(g)?
-6
Let m(f) = f**3 - 2*f**2 - 3*f + 1. Let g be m(3). Let h(a) = -a - 4*a**2 + 5*a**2 + 0*a - 17*a**2. Give h(g).
-17
Suppose -6 = -8*x - 46. Let a(o) = 2*o**3 + 10*o**2 + o + 7. Calculate a(x).
2
Let h(x) = 9*x**2 - 6*x + 24. Let f(n) = -2*n**2 - n - 1. Let d(k) = -5*f(k) - h(k). Calculate d(-13).
7
Let z(o) = o**2 - 5*o - 4. Let u(v) = -20*v - 310. Let k be u(-16). What is z(k)?
46
Suppose -4*r = 2*r. Suppose -4*n = -2*i + 22, -4*n + 0*n = -5*i + 25. Let s be r/((1 - 2)*i). Let f(x) = x**3 - x**2 + 10. Give f(s).
10
Suppose 2*f + 4*k = -0*k + 18, -5*f = 5*k - 30. Let a = f - 1. Let v(l) = -a*l - l + 2*l - 5. What is v(-5)?
0
Let x(z) = 2*z - 8. Let g(i) = -5*i + 16. Let o(a) = 3*g(a) + 7*x(a). Let d be ((55/(-4))/5)/((-265)/(-20) - 13). Determine o(d).
3
Let z(i) be the third derivative of i**5/60 + 3*i**4/4 + 5*i**3/6 + 474*i**2. Calculate z(-18).
5
Let b = 10 + 9. Suppose b = -5*g - 11. Let q(f) = f**3 + 6*f**2 - f + 5. Calculate q(g).
11
Let u be ((-34 + 4)/(-3))/2. Suppose -g + u + 9 = 3*y, -3*g + 2 = y. Let a(s) = s - 7. Determine a(y).
-2
Let m(n) be the third derivative of -n**5/10 - n**4/12 - n**2 - 132*n. Calculate m(-1).
-4
Let k = -238 - -242. Let l(q) = -4*q - 3. Let a(z) = z - 2 - 3*z + 3*z + 3. Let g(d) = -3*a(d) - l(d). Determine g(k).
4
Let a(x) = -x**2 - 6*x + 1. Let q(o) = -3*o + 14. Let y(j) = 